 45.
9
Suppose -69*l - 42*l + 74592 = 0. Calculate the highest common divisor of 546 and l.
42
Let h(n) = 14*n**2 + 8*n + 12. Let p(c) = -c + 2*c - 3 + 0 + 18. Let f be p(-19). Let s be h(f). What is the greatest common divisor of s and 17?
17
Let p(z) = -54*z**3 + 5*z**2 + 12*z + 1. Let w be p(-2). Suppose w = 7*y + 9. Calculate the greatest common factor of 70 and y.
10
Let g = -87 - -235. Let o = g + 24. Suppose -v = 3*v - o. What is the highest common factor of 387 and v?
43
Let b be (684/(-48))/((-2)/(-16)*-2). Suppose -5*s = -b - 38. What is the highest common divisor of s and 190?
19
Let d be 11*2/(-10)*-10. Calculate the greatest common divisor of 3311 and d.
11
Let x = 39 + -35. Suppose h = x*h. Suppose 416 = 2*y - h*y. What is the greatest common factor of 26 and y?
26
Let x be 1/(-1*6 + 10662/1776). Calculate the highest common divisor of 1591 and x.
37
Suppose 56 + 579 = t - w, -1280 = -2*t - 3*w. What is the greatest common factor of 49 and t?
49
Suppose 1675 - 13711 = -59*o. What is the highest common factor of 276 and o?
12
Suppose 62*n - 203653 - 269407 = 0. Calculate the highest common divisor of n and 70.
70
Let g = -5819 - -5887. What is the greatest common factor of 16 and g?
4
Suppose -s - 19 = 10*t - 11*t, -3*t = 3*s - 51. What is the highest common divisor of t and 2934?
18
Let y be -12 - 16/(-4) - (-125 + -27). Calculate the greatest common factor of 120 and y.
24
Let m = -2285 - -2296. Calculate the highest common factor of m and 1111.
11
Let o(i) = i**3 - i**2 - 8*i. Let j(q) = -2*q + 22. Let m be j(7). Let l be o(m). What is the highest common factor of 48 and l?
48
Let s be 94 + -9 + 0/5. What is the greatest common divisor of 1581 and s?
17
Let b(k) = 17*k**2 - 9*k + 9. Let q be b(4). Let g = -217 - -315. What is the greatest common divisor of g and q?
49
Let s be ((-9036)/(-90) - 18) + 7 + 3/5. Calculate the highest common factor of 2118 and s.
6
Suppose 3*f = -h + 59, -3*f + 4*f + 47 = h. Let z(s) = 1429*s + 20081. Let q be z(-14). Calculate the greatest common divisor of q and h.
25
Let k be (-29*1)/(0 - 1). Let g(s) = 54*s**2 - 2*s + 13. Let w be g(-3). Suppose -4*z = -539 - w. What is the highest common factor of z and k?
29
Suppose 1 - 31 = 5*n. Let y(m) = -m**2 - 7*m - 3. Let w be y(n). Suppose 0 = w*o - o - 24. Calculate the highest common divisor of 84 and o.
12
Suppose -4245*m = -4240*m - 16560. What is the greatest common divisor of 621 and m?
207
Let b(p) = 298*p + 4547. Let m be b(-15). Let y = -13 - -24. Calculate the greatest common divisor of m and y.
11
Let g(r) = -24*r - 158. Let x be g(-6). Let v(n) = -15*n - 34. Let h be v(x). What is the greatest common factor of 11 and h?
11
Let s(z) = 33 - 1 - 8*z + 0 + 17. Let o be s(5). Calculate the highest common divisor of 369 and o.
9
Let m(z) = -z**3 + 26*z**2 - 56*z + 783. Let f be m(25). What is the greatest common factor of 788 and f?
4
Let k be ((-24656)/(-69))/((-6)/(-9)). Calculate the greatest common factor of 603 and k.
67
Let d be 22 - (2 + (-1 - 2)). Let n = 6 + d. Let r(l) = -2*l**3 - 27*l**2 + 10*l + 2. Let z be r(-14). Calculate the greatest common divisor of n and z.
29
Let j be (-6)/(-1 + 7) - (-6)/3. Let y be 69*((-4)/12 + j/1). Calculate the highest common factor of y and 23.
23
Let b = 2410 - 1510. Calculate the greatest common divisor of b and 25.
25
Suppose 27*b + 69 = 30*b. Let h be (-218)/(-20) + b/230. What is the highest common factor of h and 649?
11
Suppose 30*i - 43*i + 338 = 0. Suppose 271 = i*o - 1185. Calculate the greatest common divisor of 392 and o.
56
Let h = -153 + 321. Let i be -4*h/64*1*-2. Calculate the highest common factor of i and 6.
3
Let k = 161 - -415. Calculate the greatest common factor of 512 and k.
64
Let f = 274 - 358. Let l be ((-1)/2 - 0)*(f + -2). Calculate the greatest common divisor of l and 43.
43
Let y(i) = 5*i**2 - 209*i - 264. Let q be y(54). Calculate the highest common divisor of 60 and q.
30
Suppose 0 = -46*a + 44*a + 1354. Suppose 0 = -t + f + 167, 4*t + 4*f - a = -f. What is the greatest common factor of 294 and t?
42
Let j(t) = 320*t - 301. Let i be j(1). Calculate the greatest common factor of 3667 and i.
19
Suppose -36*l + 32*l = -40. Suppose 0 = l*t + t - 3399. Let a = 435 - t. What is the highest common factor of a and 42?
42
Let v be 1/(((-12)/778)/6). Let f = 390 + v. What is the greatest common factor of f and 1?
1
Suppose -70 = -y - 6*y. Suppose 52*a + 80 = 53*a. Calculate the highest common factor of a and y.
10
Suppose 5*j + 5*g = 1995, 17*j - 2*g - 417 = 16*j. What is the greatest common divisor of j and 3915?
135
Suppose 0 = 5*k + 4*x + 41 - 97, 4*x - 32 = -2*k. Calculate the greatest common divisor of k and 94.
2
Suppose -14*a + 79 = -19. Let s be a + 11 - 24/4. Calculate the greatest common factor of 27 and s.
3
Let q(h) = -h + 60. Let y be q(0). Let w = 1657 - 896. Let f = w - 749. What is the greatest common divisor of f and y?
12
Let d(a) = 60*a**2 + 17*a - 18. Let h be d(2). Calculate the greatest common divisor of h and 108.
4
Let m(v) = 13*v - 143*v**3 + 68*v**3 - 4 + v + 74*v**3 + 5*v**2. Let q be m(5). What is the greatest common factor of 12 and q?
6
Let u be (-32)/((-4)/(-10)*(-70)/56). What is the highest common divisor of u and 144?
16
Let l = 18625 + -18391. What is the greatest common factor of 186 and l?
6
Let w(t) be the second derivative of -1/12*t**4 + 187/2*t**2 + 0 + 1/20*t**5 - 14*t + 1/3*t**3. Let y be w(0). What is the greatest common divisor of 17 and y?
17
Let n(j) = -4493*j - 3130. Let u be n(-5). What is the greatest common divisor of 15 and u?
15
Let w = 399 - 384. Let r be (-4)/5*1 + 2862/w. What is the highest common factor of 10 and r?
10
Let v = -8 + -114. Let y = -46 - v. Calculate the highest common divisor of 228 and y.
76
Let s = -5232 - -5275. Let y be (-2)/(-10) + 858/10. What is the highest common divisor of y and s?
43
Suppose 1019 = -19*g + 25*g - 1603. What is the highest common divisor of 23 and g?
23
Suppose -29*q = -6201 - 7511 + 720. Calculate the greatest common divisor of 1260 and q.
28
Suppose 206*n - 15 - 371 = 2498. Calculate the greatest common divisor of 30968 and n.
14
Let n(s) = -s - 2 - 1 - 2 + 0. Suppose 6*u = 7*u + 14. Let x be n(u). Calculate the highest common divisor of 18 and x.
9
Let i be ((-32)/20)/(4/(-10)). Let t be i/(-14) - 261/(-7). Suppose -2*v = -2*g - 510, 0 = 4*v + g - 827 - 213. Calculate the greatest common factor of t and v.
37
Let n = -17201 - -17231. What is the greatest common factor of n and 10240?
10
Let c = 45 - 75. Let q = -15 - c. Suppose q*p - 68 = 11*p. Calculate the highest common factor of 17 and p.
17
Suppose 24 = 2*h + 2*s, 0*s + s = 1. Suppose 7*t = h*t - 48. What is the greatest common divisor of t and 78?
6
Suppose 268 + 20 = 6*d. Let m = d + -14. Suppose 4*u - 80 = -2*c, -3*u = -c + u + m. Calculate the greatest common factor of c and 418.
38
Let g be (-5 - -23) + 32 + -10. Calculate the highest common factor of g and 224.
8
Let g = 20516 - 19511. Calculate the greatest common divisor of g and 2211.
201
Suppose -3*p = 10 - 184. Suppose -p*y = -66*y + 1200. Calculate the greatest common factor of y and 550.
50
Suppose -54*x + 75392 = 74*x. What is the greatest common divisor of x and 19?
19
Suppose 515 = 159*u - 155*u + g, 0 = -3*u - 2*g + 385. What is the highest common factor of u and 559?
43
Let y(d) = -16 - 7 - 3*d - 2*d. Suppose 0 = b + 2*b, 0 = 4*o - 2*b - 3*b + 20. Let h be y(o). What is the highest common divisor of h and 2?
2
Let w(t) be the first derivative of 5*t**2/2 - t + 3. Let o be w(1). Let g(a) = 54*a + 124. Let c be g(-2). Calculate the greatest common divisor of c and o.
4
Suppose 9*a - 2691 = -60*a. What is the greatest common divisor of a and 481?
13
Let n = 16 - 43. Let t be (-112)/(-4) + 0/(-8). Let q = t + n. What is the highest common divisor of 4 and q?
1
Let p(w) = w**3 + 4*w**2 - 6*w - 18. Let u be p(-3). Let c = -130 - 55. Let o be 1 + (-1 + c)/(-3). What is the greatest common divisor of o and u?
9
Let s be ((-12324)/153 + 16/(-136))*(-93)/2. What is the greatest common divisor of 121 and s?
121
Let x = 7191 - 6839. Calculate the highest common divisor of 264 and x.
88
Let p = -16 + 180. Suppose -o + 4*h = -52 + 16, -5*o = -4*h - p. Let t = -40 - -12